remainder when 8003683 is divided by 96.
67
Calculate the remainder when 271025 is divided by 10.
5
Calculate the remainder when 705378 is divided by 352516.
346
What is the remainder when 1779 is divided by 1683?
96
Calculate the remainder when 21254265 is divided by 267.
264
What is the remainder when 3209103 is divided by 5094?
4977
Calculate the remainder when 3256700 is divided by 334.
200
What is the remainder when 295103 is divided by 22?
17
Calculate the remainder when 307590283 is divided by 334.
331
Calculate the remainder when 16776 is divided by 537.
129
Calculate the remainder when 7709 is divided by 2291.
836
Calculate the remainder when 432748 is divided by 7180.
1948
Calculate the remainder when 750146 is divided by 13160.
26
What is the remainder when 1475837 is divided by 245970?
17
What is the remainder when 216248648 is divided by 21?
14
What is the remainder when 1606150 is divided by 1765?
0
Calculate the remainder when 549507 is divided by 737.
442
Calculate the remainder when 850678 is divided by 390.
88
What is the remainder when 81424 is divided by 2102?
1548
What is the remainder when 126183 is divided by 15767?
47
What is the remainder when 1419146 is divided by 22174?
10
Calculate the remainder when 1143656 is divided by 163213.
1165
What is the remainder when 965517 is divided by 1036?
1001
What is the remainder when 173142577 is divided by 2247?
2239
What is the remainder when 15180655 is divided by 12?
7
Calculate the remainder when 420918 is divided by 140152.
462
Calculate the remainder when 465029 is divided by 1258.
827
What is the remainder when 130078 is divided by 4030?
1118
What is the remainder when 982608 is divided by 3946?
54
Calculate the remainder when 2271870 is divided by 1112.
54
Calculate the remainder when 480711 is divided by 16573.
94
Calculate the remainder when 2694583 is divided by 1419.
1321
What is the remainder when 15472144 is divided by 377369?
15
What is the remainder when 3095211 is divided by 558?
543
Calculate the remainder when 24953909 is divided by 409.
1
What is the remainder when 7277384 is divided by 28650?
284
What is the remainder when 1401337076 is divided by 20?
16
What is the remainder when 314983 is divided by 3705?
58
Calculate the remainder when 1100587634 is divided by 135.
134
What is the remainder when 408571119 is divided by 80?
79
What is the remainder when 2594517021 is divided by 1056?
1053
Calculate the remainder when 4333785 is divided by 1083390.
225
What is the remainder when 718028 is divided by 8178?
6542
What is the remainder when 37768 is divided by 37743?
25
What is the remainder when 1563047 is divided by 82250?
297
What is the remainder when 621284366 is divided by 201?
200
Calculate the remainder when 3773424 is divided by 15989.
20
Calculate the remainder when 526834 is divided by 174020.
4774
Calculate the remainder when 118162 is divided by 274.
68
Calculate the remainder when 349484 is divided by 23243.
839
Calculate the remainder when 1807788 is divided by 429.
411
Calculate the remainder when 54382 is divided by 26630.
1122
What is the remainder when 1193554 is divided by 47742?
4
Calculate the remainder when 258953 is divided by 129312.
329
Calculate the remainder when 10183565 is divided by 828.
821
What is the remainder when 7545102 is divided by 963?
960
What is the remainder when 229523 is divided by 57360?
83
What is the remainder when 25119 is divided by 4232?
3959
What is the remainder when 1340125 is divided by 1?
0
Calculate the remainder when 745570 is divided by 3807.
3205
What is the remainder when 133315170 is divided by 605978?
10
Calculate the remainder when 121736 is divided by 685.
491
What is the remainder when 3636 is divided by 137?
74
Calculate the remainder when 7245056 is divided by 310.
46
Calculate the remainder when 169210925 is divided by 4723.
4
Calculate the remainder when 4146630 is divided by 834.
816
Calculate the remainder when 1059475 is divided by 12039.
43
Calculate the remainder when 739002 is divided by 22322.
2376
Calculate the remainder when 3566087 is divided by 52.
31
What is the remainder when 443465 is divided by 147811?
32
Calculate the remainder when 7934609 is divided by 2677.
2658
Calculate the remainder when 284547 is divided by 2954.
963
What is the remainder when 4663570 is divided by 732?
730
Calculate the remainder when 80653014 is divided by 7291.
7263
What is the remainder when 239885 is divided by 990?
305
Calculate the remainder when 1318869 is divided by 1270.
609
Calculate the remainder when 16656890 is divided by 98.
26
What is the remainder when 56102 is divided by 28033?
36
What is the remainder when 2925263 is divided by 1958?
11
What is the remainder when 1123896 is divided by 93657?
12
Calculate the remainder when 39789094 is divided by 10748.
10746
What is the remainder when 1855091 is divided by 176?
51
What is the remainder when 5483059 is divided by 15?
4
What is the remainder when 30439727 is divided by 3804963?
23
What is the remainder when 1242707 is divided by 581?
529
What is the remainder when 3535403 is divided by 79?
74
What is the remainder when 704430 is divided by 6070?
310
Calculate the remainder when 4322479 is divided by 34.
25
What is the remainder when 291080 is divided by 522?
326
Calculate the remainder when 7966604 is divided by 38486.
2
Calculate the remainder when 34051 is divided by 2417.
213
Calculate the remainder when 51646110 is divided by 14.
12
What is the remainder when 5254972 is divided by 17?
0
What is the remainder when 58989 is divided by 58918?
71
Calculate the remainder when 24090135 is divided by 1108.
1107
Calculate the remainder when 25496558 is divided by 470.
468
Calculate the remainder when 1829876 is divided by 46.
42
What is the remainder when 6679508 is divided by 109?
97
What is the remainder when 52974 is divided by 1357?
51
What is the remainder when 235382069 is divided by 155?
154
What is the remainder when 120874 is divided by 40221?
211
Calculate the remainder when 533051 is divided by 15669.
305
What is the remainder when 352810 is divided by 2306?
2298
What is the remainder when 6260961 is divided by 189725?
36
Calculate the remainder when 4394527 is divided by 274656.
31
What is the remainder when 32911990 is divided by 6582397?
5
Calculate the remainder when 438995 is divided by 109731.
71
Calculate the remainder when 44578 is divided by 8903.
63
What is the remainder when 229630247 is divided by 470?
467
What is the remainder when 61789266 is divided by 7939?
29
Calculate the remainder when 88277594 is divided by 1641.
1640
Calculate the remainder when 25050 is divided by 2224.
586
What is the remainder when 3429502 is divided by 847?
846
Calculate the remainder when 27224793 is divided by 171.
54
Calculate the remainder when 179882 is divided by 17805.
1832
Calculate the remainder when 40447833 is divided by 52.
49
What is the remainder when 36873 is divided by 8940?
1113
What is the remainder when 1209864 is divided by 99?
84
Calculate the remainder when 8552 is divided by 1819.
1276
What is the remainder when 927227 is divided by 11?
4
Calculate the remainder when 1813904 is divided by 113367.
32
Calculate the remainder when 18679813 is divided by 8853.
8836
What is the remainder when 14762382 is divided by 364?
362
Calculate the remainder when 1600233 is divided by 398.
273
What is the remainder when 197695 is divided by 6816?
31
What is the remainder when 26853833 is divided by 39?
32
What is the remainder when 25826477 is divided by 206?
51
Calculate the remainder when 1896958 is divided by 570.
568
What is the remainder when 2658866 is divided by 85767?
89
What is the remainder when 3405438 is divided by 1135143?
9
Calculate the remainder when 2005071 is divided by 749.
747
What is the remainder when 197846627 is divided by 5?
2
What is the remainder when 50489190 is divided by 71?
25
Calculate the remainder when 3886078 is divided by 329.
259
Calculate the remainder when 385610 is divided by 385477.
133
What is the remainder when 4389586 is divided by 548697?
10
What is the remainder when 34798724 is divided by 8?
4
Calculate the remainder when 404936 is divided by 202467.
2
What is the remainder when 12